hat is the remainder when 3 is divided by c?
1
Suppose 3*b - l - 25 = 0, -b - 1 = -2*b + 4*l. Let y = -5 + 8. What is the remainder when b is divided by y?
0
Suppose -2*u - 2 = 3*j, -3*j - 3*u = 2*j + 2. Suppose 3*t = -p + 33, -j*p = -3*t + 3*p + 15. Calculate the remainder when (74/4)/((-4)/(-8)) is divided by t.
7
Let x(q) = q**2 - q + 1. Suppose 3*b + 1 = 7. Suppose m + 0*m = b, -m + 6 = 2*n. What is the remainder when 7 is divided by x(n)?
1
Let z = 81 - 107. Let g(c) = 48*c**3 + 1. Let r be g(1). Let w = z + r. What is the remainder when w is divided by 5?
3
Let z(n) = 2*n**2 - 10*n + 12. Let d(l) = -l**3 + 8*l**2 + 9*l + 7. Let m be d(9). Calculate the remainder when z(m) is divided by 83/4 + (-4)/(-16).
19
Let w(s) = 4*s**2 + s. Suppose -2*p + 0*j - j = -35, 3*j - 57 = -3*p. Let k be p/(-48) + (-8)/(-6). What is the remainder when w(k) is divided by 2?
1
Let s be -1*6/1*-3. Let v = 8 - s. Let p = -1 - v. Calculate the remainder when 25 is divided by p.
7
Suppose 15*r - 8*r - 679 = 0. Let h = r + -77. Calculate the remainder when 39 is divided by h.
19
Let i(r) be the second derivative of -r**5/20 - r**4/12 + 211*r**2/2 + 3*r. Let z be i(0). Let p = 326 - z. What is the remainder when p is divided by 29?
28
Suppose 16*s - 49*s = -8877. Calculate the remainder when s is divided by 11.
5
Suppose 11*j - 204 = 8*j. What is the remainder when j is divided by 12?
8
Let t(u) = -u**2 + 21*u - 5. Calculate the remainder when t(19) is divided by -2*(-37)/10 + 38/(-95).
5
Let s(x) = -11*x + 44. Calculate the remainder when 262 is divided by s(2).
20
Suppose 10 = p + 4. Suppose -3549 = -8*s - 79*s - 504. What is the remainder when s is divided by p?
5
Let a = 8 - 8. Suppose 5*h - 10 = d - 5*d, a = -3*d. Calculate the remainder when 18 is divided by h.
0
Suppose d + 20 = -3*d. Let b(y) = y**3 + 9*y**2 + 10*y - 7. Let u be b(d). Let j = 66 + u. What is the remainder when j is divided by 37?
35
Calculate the remainder when (-1 + 103)*(-76)/(-57) is divided by 23.
21
Let h(m) = 5*m**2 + 22*m - 12. Let q(l) = -l**3 + 9*l - 7. Let w be q(3). Calculate the remainder when h(w) is divided by 17.
11
Let w be (5 - 3)/((-2 - 0)*1). Suppose -16 = -4*y + 12. Let o = y + w. What is the remainder when o is divided by 2?
0
Suppose 177*a = -x + 181*a + 317, -1313 = -4*x + a. What is the remainder when x is divided by 320?
9
Suppose -5*s + 0*s = -5*p - 85, -17 = p - 2*s. Let w = 73 - p. What is the remainder when w is divided by 23?
21
Suppose -270 = -5*a - 36*m + 31*m, -4*a + 211 = 5*m. Suppose 0 = -5*q + 4*f + 73 + 7, -85 = -5*q + 3*f. Calculate the remainder when a is divided by q.
19
Calculate the remainder when 128 is divided by 5 + 0/(-1)*23/115.
3
Suppose -d = 1, -2*d + 416 = 5*s + 2*d. Let q = 92 + -76. Suppose 0 = 3*f + 4*a - q - 91, -2*f + 68 = 2*a. What is the remainder when s is divided by f?
26
Let f(a) = -5*a**3 - a**2. Let k be f(1). Let r(n) = n**2 - 2*n - 6. Calculate the remainder when r(k) is divided by 15.
12
Let p(r) = 5*r**3 + r**2 - r. Let a be p(4). Suppose 24*t - 22*t + a = 0. Let w = t - -297. What is the remainder when w is divided by 33?
32
Let p(x) = -x + 3. Calculate the remainder when 23 is divided by p(-2).
3
Let k be -4*(525/(-2))/7. What is the remainder when ((-14)/(-3))/(10/k) is divided by 18?
16
Suppose 2*k - 1 = 7. Suppose -k*b + 204 = 2*x, 4*x = 4*b + b + 447. What is the remainder when x is divided by 37?
34
Suppose 0 = 4*o + 4*w - 112, 3*o - 50 - 69 = 4*w. What is the remainder when 145 is divided by o?
13
Let x = 34 - 35. Let r = 1 + x. Suppose r = -2*k + 3*k - 4*s + 3, 21 = 2*k + s. What is the remainder when 15 is divided by k?
6
Suppose 0 = z - 5*k - 58, -6*z - 5*k + 56 = -4*z. Calculate the remainder when 171 is divided by z.
19
Let v(a) = 15*a - 218. Calculate the remainder when v(20) is divided by 17.
14
Let b be ((-4)/(-2) + -3)/((-2)/6). Suppose 0*o - 44 = -3*j + o, 4*j - b*o = 67. What is the remainder when 23 is divided by j?
10
What is the remainder when 1/(7/(-35)) - -1517 is divided by 101?
98
Let a(j) = -j - 5*j + 5*j + 22. What is the remainder when a(9) is divided by 7?
6
Suppose -32 = -35*d + 598. Let f = -117 + 169. What is the remainder when f is divided by d?
16
Let b = 212 - 125. Suppose 0 = k + 3*s - 3, -5*k = -3*s - b. Let m(g) = -27*g**3 - g**2 - 2*g - 1. What is the remainder when m(-1) is divided by k?
12
Let j(t) = -t**2 - 23*t - 85. Calculate the remainder when 279 is divided by j(-12).
44
Let s(h) = -h**3 - 17*h**2 + 14*h + 63. Calculate the remainder when s(-18) is divided by 17.
16
Let u = 287 + -155. Suppose -5*w + 20 = 0, 2*a + 2*w = 7*a - u. Calculate the remainder when 54 is divided by a.
26
Let r(n) = n**3 - 7*n**2 - 39*n - 3. Calculate the remainder when 524 is divided by r(-3).
20
Let j be (-3 + 7 - 16/(-3))*-6. Let l = 72 - 43. What is the remainder when l is divided by j/(-4) + (-20)/5 + 6?
13
Suppose -15 + 14 = -i. Calculate the remainder when 81 is divided by i.
0
Suppose -3*o = 3*r - 15, -5*r - 25 = -10*r + 2*o. Suppose -8*j = -r*j - 78. Calculate the remainder when j is divided by -2 + 3 - (0 - 10).
4
Let y be 7*22 - (-20 + 18). Suppose -y = -2*c - 4*o, 3*c + 5*o = 2*c + 90. What is the remainder when c is divided by 18?
16
Let b(f) = -4*f**2 - 44*f - 15. Let y = 135 - 64. What is the remainder when y is divided by b(-10)?
21
Let h = 207 - 110. Calculate the remainder when h is divided by 20.
17
Suppose -5*g - 22 = 4*x - 3*x, 0 = 5*g + 25. Let c(v) = 2*v - 12. What is the remainder when c(10) is divided by x?
2
Let u = 55 + -43. Suppose 18*o - 132 = u*o. What is the remainder when o is divided by 5?
2
Suppose 4*g = f + 311, -2*g - 5*f - 55 + 194 = 0. What is the remainder when g is divided by 42?
35
What is the remainder when 109 is divided by (3104/24)/(16/12)?
12
Suppose 740 = 299*f - 294*f. What is the remainder when f is divided by 50?
48
Let s be (-13)/(-2) + 6/(-4). Let d be (-2)/5 - 285/(-25). Suppose 5*x - 27 = -3*g, 0 = 5*g + s*x - d - 24. What is the remainder when g is divided by 2?
0
Let i(t) = -14 - 11 + 23 - 119*t. Calculate the remainder when i(-1) is divided by 20.
17
Suppose 5*t = -16 + 16. Suppose -8*p + 32 + 24 = t. What is the remainder when 19 is divided by p?
5
Suppose -13*t + 125 = -1136. Calculate the remainder when t is divided by 20.
17
Suppose 8 = 3*g - 7. Suppose 3*d + 45*d - 857 - 7 = 0. Calculate the remainder when d is divided by g.
3
Let x(l) = l**3 + 11*l**2 + 9*l + 5. Let v(f) = f**3 - f**2 + 1. Let g be v(2). Suppose g*r - 9*r - 40 = 0. Calculate the remainder when x(r) is divided by 7.
1
Let h(q) = -q**3 - 1. Let a be h(-1). Let d = a - 0. Suppose 0 = -d*y - y + 15. Calculate the remainder when y is divided by 8.
7
Let r be (-1254)/(-15) + (-4)/(-10). Let x = -131 + r. Let l = x - -78. What is the remainder when 58 is divided by l?
27
Let h = -5 + 88. Let x = -68 + h. What is the remainder when 57 is divided by x?
12
Suppose 2*h - 4*c = -295 + 857, 1150 = 4*h + 5*c. Calculate the remainder when h is divided by 72.
69
Let i(w) = w**2 + 37*w + 81. Calculate the remainder when i(-36) is divided by 44.
1
What is the remainder when 43 is divided by 2/(-14) - ((-25652)/77)/22?
13
Let z(u) = u**2 - u - 1. Let k be z(2). Let q(c) be the second derivative of 23*c**3/3 + c**2/2 + 6*c - 2. Calculate the remainder when q(k) is divided by 12.
11
Let g(d) = -d + 8. Calculate the remainder when 18/(-21) + 1 - 2454/(-21) is divided by g(-7).
12
Suppose -g = -k + 22, 2*g = -3*k + 33 + 28. What is the remainder when 69 is divided by k?
6
What is the remainder when 60 is divided by (2 - -18) + 3/15*5?
18
Let u(f) = f**2 + 7*f + 2. Let j be u(-7). Suppose j*q - 5*h = 16, q + 4*h - h = -3. What is the remainder when 11 is divided by q?
2
Suppose 7*x = 6*x + 61. Let k = 38 - 22. Calculate the remainder when x is divided by k.
13
Let t be (1 + -16)/(1/(-5)). Suppose 3*o - t = 21. What is the remainder when ((-140)/(-16))/(4/o) is divided by 18?
16
Suppose 2*j + 2*j - 56 = 0. Let x = 9 + j. Calculate the remainder when x is divided by 6.
5
Let j = 151 - 104. Let f(i) = 3*i**2 + 7*i + 1. Let b be f(-5). Let k = 65 - b. Calculate the remainder when j is divided by k.
23
Let f be (-1)/1 - (4 + -5). Suppose d + 0*d - 1 = f. Calculate the remainder when d is divided by 8